 Suppose c*v - 3*v + 5 = 0. Suppose 3*l = 7*l - v*o - 28, -o - 8 = -2*l. What is the units digit of l?
2
Let d be (-10)/(-15) - (-562)/3. Suppose 6*s - 2*s - d = 0. Suppose 0 = 3*a + 2 - s. What is the units digit of a?
5
Suppose u - 5 = d, -3*u = 5*d - 7 + 16. Suppose -c + u*n + 31 = 0, 4*c + n - 153 = -38. What is the units digit of c?
9
Let g be 2/(-5) + 24/10. Let x(o) = 21*o + 2. Let h be x(g). Suppose 0 = 2*z + 2*b - 26, -2*z = 2*z + 2*b - h. What is the units digit of z?
9
What is the tens digit of (-20)/25*(-195)/6?
2
Let u be (-48)/(-4) - (2 - 2). Suppose -4*w - u = -4. Let o(j) = j**3 + 3*j**2 - 2*j + 1. What is the units digit of o(w)?
9
Suppose -2*q = -2*c + 137 + 13, c - 5*q - 71 = 0. What is the tens digit of c?
7
Suppose 3*f - 14 = f - 3*m, -3*f + 31 = 2*m. What is the units digit of f?
3
Suppose -2 = 2*f - 4, 0 = -2*h - 2*f + 180. What is the units digit of h?
9
Let f = -13 + 22. Suppose 32 = -7*r + f*r. What is the tens digit of r?
1
Let b(u) = -5*u - 21. Let y(j) = j + 4. Suppose -5*h = -5*d, 4*d - 5*h - 2 = -0*h. Let n(z) = d*b(z) - 11*y(z). What is the units digit of n(-12)?
0
Suppose -2*k + 15 = 5. Suppose s - 52 = 3*h, 0*s = k*s - 2*h - 195. What is the tens digit of s?
3
Suppose -5*j = -z - 597, 0 = -3*j + 5*z + 325 + 20. What is the units digit of j?
0
Suppose 5*p = 60 - 20. Suppose -2*l + p - 2 = 0. Suppose -5*h + 43 + 12 = 2*d, -24 = -3*h - l*d. What is the tens digit of h?
1
Suppose -4*g - 17 - 5 = -2*i, 3*g + 30 = -3*i. Let n = g - -10. What is the units digit of (2/(-4))/(n/(-36))?
6
Let b be 7/2 + (-5)/(-10). Suppose 4 = -b*y, -2*y - 124 = -3*j - 35. What is the units digit of j?
9
Let k = 12 + -4. Suppose -k = -v + 6. What is the tens digit of v?
1
Suppose -7*v = -73 - 361. What is the units digit of v?
2
Suppose 2*y - 5 = -3*y + 5*h, h = 3*y + 3. Let b = 6 + y. What is the units digit of b?
4
Suppose -5*o + 3*x - 7 = x, -5*o - 5*x - 35 = 0. Let n(g) = 2*g**2 + 11*g - g**2 - 2*g - 4 - 8*g. What is the units digit of n(o)?
2
Let a be ((-2)/5)/(1/25). Let q = a - -15. What is the units digit of q?
5
Suppose 5*w = 4*f - 115, -4*f = -3*w - 18 - 91. What is the tens digit of f?
2
Let v be 10/1*(-10)/(-25). Suppose 36 + 0 = v*w. What is the units digit of w?
9
Let u(z) = -14*z**3. What is the tens digit of u(-2)?
1
Suppose 0 = -4*a + 12. Suppose -37 = -a*h - 1. What is the units digit of h?
2
Let u = -32 + 47. Let c = 3 + u. What is the units digit of c?
8
Let j = 1 + -4. Let p be (-16)/(-7) + (-2)/7. Let u = p - j. What is the units digit of u?
5
Let m = -129 - -181. What is the tens digit of m?
5
Suppose 4*z + 4*k = 52 + 12, 5*z + 3*k = 86. What is the tens digit of z?
1
Let u = 40 - 9. What is the tens digit of u?
3
Let b(j) = j**3 - 6*j**2 + j - 2. What is the hundreds digit of b(8)?
1
What is the units digit of 1/(12/(-16)) + 446/6?
3
Let y(g) = 2*g**2 - g. Let o be y(-1). Let m = -10 + o. Let b = -5 - m. What is the units digit of b?
2
Let b = 20 + -12. Suppose b*x - 95 = 3*x. What is the tens digit of x?
1
What is the units digit of (1*-5)/((-7)/42)?
0
Let h be (-6)/8 - (-22)/8. Let v(s) = 3 - 4 + h*s + 2 + s. What is the units digit of v(2)?
7
Let g(t) = 11*t - 2. Let u(v) = 32*v - 5. Let k(y) = 11*g(y) - 4*u(y). What is the units digit of k(-2)?
2
Suppose 0*t + 6*t = 318. What is the units digit of t?
3
Let b(m) be the third derivative of m**4/24 + 7*m**3/6 - 2*m**2. Let i be b(-5). Suppose 0*x = -i*x + 2. What is the units digit of x?
1
Let a be 0*(5/2)/5. Let m be 0*(-3)/(-3 - a). Suppose -2*g + 6*g - 78 = -2*i, m = -3*g - 4*i + 51. What is the tens digit of g?
2
Suppose 0 = b - 2, -5*b - 6 = w - 3*w. Suppose -4*z + w = -4. Suppose -18 = z*m - 51. What is the tens digit of m?
1
Let s be -1 + 1 + 7 + 0. Let v(q) = -q**3 + 8*q**2 - 6*q + 7. What is the tens digit of v(s)?
1
Let o = 173 + -112. Suppose -n + 63 = 4*n + 4*m, -5*n - 3*m = -o. What is the units digit of n?
1
Let u = -31 - -126. What is the tens digit of u?
9
Let w = -39 - -72. What is the units digit of w?
3
Let u = -2 - -3. Let n be u + -2*1 + 2. What is the units digit of (2/n)/(1/2)?
4
Suppose 3*x = c, 2*c - c = 4*x. Suppose -l = 3*p - c*p - 17, -5 = 5*l. What is the units digit of p?
6
Suppose 0*m - 3*m - 12 = 0. Let l(v) = -2 + v + 3 + v**2 + 4*v + 4. What is the units digit of l(m)?
1
Let q(m) = -m**2 + 5*m - 6. Let o be q(3). Suppose -4*j = -o*j - 40. What is the tens digit of j?
1
Let v(i) = -i**3 - 3*i**2 - 3*i + 4 - i**3 + i**3. What is the units digit of v(-3)?
3
Let t(j) = j**2 - j + 3. Let c = 3 - 3. Let w be t(c). Suppose 0 = -4*i + 3*d + 34, 43 = 5*i - w*d - d. What is the units digit of i?
7
Suppose -4*v + 74 + 14 = 0. What is the units digit of v?
2
Suppose -40 = p + 3*p. Suppose -7 = a + 4*g - 4, -4*g = 0. Let r = a - p. What is the units digit of r?
7
Suppose w - 758 = -4*z + 51, 0 = 5*z - 5*w - 1030. What is the tens digit of z?
0
Let z be 0/(-2) + (1 - 1). Suppose -2*r - 2 + 8 = 0. Suppose 2*i + 3*j - 13 = z, -i - j + 3 = -r. What is the units digit of i?
5
Suppose 3*v - 2 = -2*t + 12, -v - 14 = -4*t. What is the units digit of -1 + (v - 0/1)?
1
Suppose -3*a - 2*c = -1, 5*c + 3 = 3*a - 5. Suppose 3*h + f - 11 = 0, 3*h - f = -0 + a. What is the units digit of h?
2
Let f = -10 - -10. Suppose -3*j + 11 + 34 = f. What is the units digit of j?
5
Let v(o) be the first derivative of o**2 - 13*o + 3. Let w be v(9). Suppose w*k = 3*z - z + 31, -4*k - 5*z = -5. What is the units digit of k?
5
Let x(r) = r**3 + 7*r**2 + 6*r - 2. Let g be x(-6). Let h = 3 - 6. Let m = g - h. What is the units digit of m?
1
Let c(o) = 19*o + 11. What is the units digit of c(9)?
2
Suppose -4*s - 58 = -146. Suppose 0 = 2*d - 2*w + s, 4*d - 2*d = -5*w + 6. What is the units digit of 2/d - 306/(-42)?
7
Suppose 0 = 5*w - 5*u - 785, -w + 14*u - 17*u = -169. What is the tens digit of w?
6
Let n = -23 - -7. Let w = -4 - n. What is the tens digit of w?
1
Suppose 0 = -o - 6*u + 3*u - 13, 0 = -5*o + 4*u + 30. Suppose -q = 2*j - 18, 4*q - 22 = -j - o*j. What is the units digit of j?
0
What is the tens digit of 1/4*8*(-44)/(-8)?
1
Let y(a) = -4*a - 4. What is the units digit of y(-9)?
2
Let w be -5 - (12/(-3) + 2). Let i = w - -12. What is the units digit of (6/i)/((-3)/(-81))?
8
Suppose -3*x + 9 + 78 = -5*l, -2*l - 38 = 2*x. Let k = 22 - l. What is the units digit of k?
0
Suppose -2 = -o + 3. Suppose l = 3*a + 34, 10*l - o*l - 170 = -3*a. What is the units digit of l?
4
Suppose 33 = -5*r - 2*g, -4*r + 5*g - 25 = 8. Let a = r - -12. Suppose 2*o + 10 + 30 = a*l, -2*o = -3*l + 28. What is the units digit of l?
6
Suppose -158 = -2*v - 2*z, 79 = -v + 2*v - 3*z. What is the tens digit of v?
7
What is the units digit of (-54)/(-8)*176/33?
6
Let u be ((-1)/(-2))/((-2)/(-84)). Let v = 40 - u. What is the units digit of v?
9
Let y(p) = 2*p**2 + 9*p + 12. What is the tens digit of y(-7)?
4
Suppose 98 = -0*d + 2*d. What is the units digit of d?
9
Let k = 31 + -138. Let t be k/(-7) + (-2)/7. Suppose 3*m = 45 - t. What is the tens digit of m?
1
Suppose -2*o + 16 = 2*o. Suppose o*u - u = 0. What is the units digit of (2 + -4)*(u + -2)?
4
Suppose -3*c - c = -3*m + 360, -5*m - 4*c = -600. What is the units digit of m?
0
Let y(u) = 15*u - 3. Let d be y(3). Suppose 5*a + d = 4*i - 1, -a + 25 = 2*i. What is the tens digit of i?
1
Suppose -o + 3 = 2. What is the units digit of o?
1
Let c(l) = -l**2 - 5*l + 3. Let i be c(-4). Let k = -4 + i. Suppose 5*r + 2*p = -7 + 29, 0 = k*r - 2*p - 10. What is the units digit of r?
4
Let x(o) = -2*o - 1. Let z be x(-8). Suppose 3*m = -2*m + z. Suppose 35 = 4*j + m*y, -y - 23 = -5*j + 16. What is the units digit of j?
8
Let h = 15 + -10. Let b(y) = y**2 - 4*y + 2. What is the units digit of b(h)?
7
Suppose 0 = -k - 0*k + 2. Suppose -10 = -k*t + 10. What is the tens digit of t?
1
Suppose 0 = -3*j - c - 3*c + 3, 0 = -4*j + 5*c + 35. Suppose j + 2 = x. What is the units digit of x?
7
Suppose -2*s - 4 = -14. Let i = s - -19. What is the tens digit of i?
2
Suppose 2*a - 33 = 5*g - 2*g, a + 3*g = 30. What is the tens digit of a?
2
Suppose -2*q - 4 + 32 = 0. Let j = q + -4. What is the tens digit of j?
1
Let x = 36 + 3. What is the tens digit of x?
3
Suppose 1 - 2 = -f. What is the units digit of 20 - (2 - (f + -2))?
7
Suppose -d + 27 = 2*d. What is the un